{"id":17,"date":"2023-09-21T15:57:36","date_gmt":"2023-09-21T15:57:36","guid":{"rendered":"https:\/\/cerroazul.grupocrecento.com\/?page_id=17"},"modified":"2024-01-09T11:23:46","modified_gmt":"2024-01-09T11:23:46","slug":"inicio","status":"publish","type":"page","link":"https:\/\/cerroazul.grupocrecento.com\/","title":{"rendered":"Inicio"},"content":{"rendered":"\n<div id=\"bloque-cabecera\" class=\"bloque\">\n  <div class=\"img-fondo\"><\/div>\n  <div class=\"cabecera-topbar\">\n    <div class=\"logo\">\n      <a href=\"https:\/\/grupocrecento.com\">\n        <img decoding=\"async\" src=\"\/wp-content\/uploads\/2023\/09\/isotipo.png\" alt=\"Grupo Crecento\">\n      <\/a>\n    <\/div>\n    <div class=\"whatsapp\">\n      <a href=\"https:\/\/wa.me\/523111376480\" target=\"_blank\" rel=\"noopener\"><i class=\"fa-brands fa-whatsapp\"><\/i> (311) 137 6480<\/a>\n    <\/div>\n  <\/div>\n  <div class=\"contenedor-cabecera\">\n    <div class=\"col1\">\n      <img decoding=\"async\" src=\"\/wp-content\/uploads\/2023\/10\/logo-blanco.png?qwe=rty\" class=\"logo-cerroazul\">\n      <p>CERRO AZUL es un desarrollo de 8 niveles m\u00e1s rooftop en la Ciudad de Tepic, en un \u00e1rea de gran proyecci\u00f3n con 35 unidades de 2 y 3 rec\u00e1maras que van desde los 67 m&sup2; a 110 m&sup2;.<\/p>\n      <p class=\"p2\">\u00a1Un gran potencial como inversi\u00f3n!<\/p>\n      <div class=\"conte\">\n        <a href=\"#masInfo\" class=\"boton\">M\u00e1s informaci\u00f3n<\/a>\n      <\/div>\n    <\/div>\n    <div class=\"col2\">\n      <div class=\"conte\">\n        <h3>Tu nuevo departamento en Tepic, Nayarit<\/h3>\n        <div class=\"wpforms-container wpforms-container-full wpforms-render-modern\" id=\"wpforms-20\"><form id=\"wpforms-form-20\" class=\"wpforms-validate wpforms-form wpforms-ajax-form\" data-formid=\"20\" method=\"post\" enctype=\"multipart\/form-data\" action=\"\/index.php\/wp-json\/wp\/v2\/pages\/17\" data-token=\"9b09e9b9107a2b3cc80aaa644c723818\" data-token-time=\"1776287681\"><noscript class=\"wpforms-error-noscript\">Por favor, activa JavaScript en tu navegador para completar este formulario.<\/noscript><div class=\"wpforms-hidden\" id=\"wpforms-error-noscript\">Por favor, activa JavaScript en tu navegador para completar este formulario.<\/div><div class=\"wpforms-field-container\"><div id=\"wpforms-20-field_0-container\" class=\"wpforms-field wpforms-field-name\" data-field-id=\"0\"><fieldset><legend class=\"wpforms-field-label\">Nombre <span class=\"wpforms-required-label\" aria-hidden=\"true\">*<\/span><\/legend><div class=\"wpforms-field-row wpforms-field-large\"><div class=\"wpforms-field-row-block wpforms-first wpforms-one-half\"><input type=\"text\" id=\"wpforms-20-field_0\" class=\"wpforms-field-name-first wpforms-field-required\" name=\"wpforms[fields][0][first]\" placeholder=\"Nombre\" aria-errormessage=\"wpforms-20-field_0-error\" required><label for=\"wpforms-20-field_0\" class=\"wpforms-field-sublabel after wpforms-sublabel-hide\">Nombre<\/label><\/div><div class=\"wpforms-field-row-block wpforms-one-half\"><input type=\"text\" id=\"wpforms-20-field_0-last\" class=\"wpforms-field-name-last wpforms-field-required\" name=\"wpforms[fields][0][last]\" placeholder=\"Apellido\" aria-errormessage=\"wpforms-20-field_0-last-error\" required><label for=\"wpforms-20-field_0-last\" class=\"wpforms-field-sublabel after wpforms-sublabel-hide\">Apellidos<\/label><\/div><\/div><\/fieldset><\/div><div id=\"wpforms-20-field_1-container\" class=\"wpforms-field wpforms-field-email\" data-field-id=\"1\"><label class=\"wpforms-field-label\" for=\"wpforms-20-field_1\">Correo <span class=\"wpforms-required-label\" aria-hidden=\"true\">*<\/span><\/label><input type=\"email\" id=\"wpforms-20-field_1\" class=\"wpforms-field-large wpforms-field-required\" name=\"wpforms[fields][1]\" spellcheck=\"false\" aria-errormessage=\"wpforms-20-field_1-error\" required><\/div><div id=\"wpforms-20-field_3-container\" class=\"wpforms-field wpforms-field-text\" data-field-id=\"3\"><label class=\"wpforms-field-label\" for=\"wpforms-20-field_3\">Tel\u00e9fono <span class=\"wpforms-required-label\" aria-hidden=\"true\">*<\/span><\/label><input type=\"text\" id=\"wpforms-20-field_3\" class=\"wpforms-field-large wpforms-field-required\" name=\"wpforms[fields][3]\" aria-errormessage=\"wpforms-20-field_3-error\" required><\/div><\/div><!-- .wpforms-field-container --><div class=\"wpforms-submit-container\" ><input type=\"hidden\" name=\"wpforms[id]\" value=\"20\"><input type=\"hidden\" name=\"page_title\" value=\"\"><input type=\"hidden\" name=\"page_url\" value=\"https:\/\/cerroazul.grupocrecento.com\/index.php\/wp-json\/wp\/v2\/pages\/17\"><button type=\"submit\" name=\"wpforms[submit]\" id=\"wpforms-submit-20\" class=\"wpforms-submit\" data-alt-text=\"Enviando...\" data-submit-text=\"Enviar\" aria-live=\"assertive\" value=\"wpforms-submit\">Enviar<\/button><img loading=\"lazy\" decoding=\"async\" src=\"https:\/\/cerroazul.grupocrecento.com\/wp-content\/plugins\/wpforms-lite\/assets\/images\/submit-spin.svg\" class=\"wpforms-submit-spinner\" style=\"display: none;\" width=\"26\" height=\"26\" alt=\"Cargando\"><\/div><\/form><\/div>  <!-- .wpforms-container -->\n      <\/div>\n    <\/div>\n  <\/div>\n<\/div>\n\n\n\n<section id=\"bloque-uno\" class=\"bloque\">\n  <div id=\"masInfo\"><\/div>\n  <div class=\"contenedor\">\n    <div class=\"col1\">\n      \n    <\/div>\n    <div class=\"col2\">\n      <div class=\"titulo\">\n        <h3><span class=\"num\">35<\/span> departamentos<\/h3>\n        <h4>Con las siguientes amenidades<\/h4>\n      <\/div>\n      <div class=\"iconos\">\n        <div class=\"linea\">\n          <div class=\"amenidad\">\n            <img decoding=\"async\" src=\"\/wp-content\/uploads\/2023\/09\/icono-01.png\" alt=\"Alberca Infinity\">\n          <\/div>\n          <div class=\"amenidad\">\n            <img decoding=\"async\" src=\"\/wp-content\/uploads\/2023\/09\/icono-04.png\" alt=\"Terraza lounge con asador\">\n          <\/div>\n          <div class=\"amenidad\">\n            <img decoding=\"async\" src=\"\/wp-content\/uploads\/2023\/09\/icono-05.png\" alt=\"Elevador\">\n          <\/div>\n          <div class=\"amenidad\">\n            <img decoding=\"async\" src=\"\/wp-content\/uploads\/2023\/09\/icono-06.png\" alt=\"Port\u00f3n el\u00e9ctrico Automatizado\">\n          <\/div>\n        <\/div>\n        <div class=\"linea\">\n          <div class=\"amenidad\">\n            <img decoding=\"async\" src=\"\/wp-content\/uploads\/2023\/09\/icono-02.png\" alt=\"Estacionamiento por departamento\">\n          <\/div>\n          <div class=\"amenidad\">\n            <img decoding=\"async\" src=\"\/wp-content\/uploads\/2023\/09\/icono-03.png\" alt=\"Gimnasio\">\n          <\/div>\n          <div class=\"amenidad\">\n            <img decoding=\"async\" src=\"\/wp-content\/uploads\/2023\/09\/icono-08.png\" alt=\"Ba\u00f1os en rooftop\">\n          <\/div>\n          <div class=\"amenidad\">\n            <img decoding=\"async\" src=\"\/wp-content\/uploads\/2023\/09\/icono-07.png\" alt=\"Seguridad 24\/7\">\n          <\/div>\n        <\/div>\n      <\/div>\n    <\/div>\n  <\/div>\n<\/section>\n\n\n\n<section id=\"bloque-dos\" class=\"bloque\">\n  <div class=\"contenedor\">\n    <h2>Conoce todos los modelos<\/h2>\n    <div class=\"modelos\">\n      <div class=\"modelo\">\n        <div class=\"fondo\" style=\"background-image:url('\/wp-content\/uploads\/2023\/09\/modelo-01.jpg')\">\n          <div class=\"contenido\">\n            <div class=\"info\">\n              <h3 class=\"nombre\">Modelo <span class=\"num\">1<\/span><\/h3>\n              <div class=\"superficie\">67m&sup2;<\/div>\n              <ul>\n                <li>1 Planta<\/li>\n                <li>1 Ba\u00f1o y medio ba\u00f1o<\/li>\n                <li>2 Habitaciones<\/li>\n                <li>1 Estacionamiento<\/li>\n              <\/ul>\n            <\/div>\n          <\/div>\n        <\/div>\n      <\/div>\n      <div class=\"modelo\">\n        <div class=\"fondo\" style=\"background-image:url('\/wp-content\/uploads\/2023\/09\/modelo-02.jpg')\">\n          <div class=\"contenido\">\n            <div class=\"info\">\n              <h3 class=\"nombre\">Modelo <span class=\"num\">2<\/span><\/h3>\n              <div class=\"superficie\">72m&sup2;<\/div>\n              <ul>\n                <li>1 Planta<\/li>\n                <li>2 Ba\u00f1os completos<\/li>\n                <li>2 Habitaciones<\/li>\n                <li>1 Estacionamiento<\/li>\n              <\/ul>\n            <\/div>\n          <\/div>\n        <\/div>\n      <\/div>\n      <div class=\"modelo\">\n        <div class=\"fondo\" style=\"background-image:url('\/wp-content\/uploads\/2023\/09\/modelo-03.jpg')\">\n          <div class=\"contenido\">\n            <div class=\"info\">\n              <h3 class=\"nombre\">Modelo <span class=\"num\">3<\/span><\/h3>\n              <div class=\"superficie\">99m&sup2;<\/div>\n              <ul>\n                <li>1 Planta<\/li>\n                <li>2 Ba\u00f1os y medio ba\u00f1o<\/li>\n                <li>3 Habitaciones<\/li>\n                <li>2 Estacionamientos<\/li>\n              <\/ul>\n            <\/div>\n          <\/div>\n        <\/div>\n      <\/div>\n      <div class=\"modelo\">\n        <div class=\"fondo\" style=\"background-image:url('\/wp-content\/uploads\/2023\/09\/modelo-04.jpg')\">\n          <div class=\"contenido\">\n            <div class=\"info\">\n              <h3 class=\"nombre\">Modelo <span class=\"num\">4<\/span><\/h3>\n              <div class=\"superficie\">112m&sup2;<\/div>\n              <ul>\n                <li>2 Plantas<\/li>\n                <li>2 Ba\u00f1os completos<\/li>\n                <li>3 Habitaciones<\/li>\n                <li>2 Estacionamientos<\/li>\n              <\/ul>\n            <\/div>\n          <\/div>\n        <\/div>\n      <\/div>\n    <\/div>\n  <\/div>\n<\/section>\n\n\n\n<section id=\"mapa\">\n  <iframe src=\"https:\/\/www.google.com\/maps\/embed?pb=!1m17!1m12!1m3!1d3712.544224949568!2d-104.90670492473068!3d21.486392980279938!2m3!1f0!2f0!3f0!3m2!1i1024!2i768!4f13.1!3m2!1m1!2zMjHCsDI5JzExLjAiTiAxMDTCsDU0JzE0LjkiVw!5e0!3m2!1ses!2sar!4v1698180178459!5m2!1ses!2sar\" width=\"800\" height=\"600\" style=\"border:0;\" allowfullscreen=\"\" loading=\"lazy\" referrerpolicy=\"no-referrer-when-downgrade\"><\/iframe>\n<\/section>\n","protected":false},"excerpt":{"rendered":"<p>(311) 137 6480 CERRO AZUL es un desarrollo de 8 niveles m\u00e1s rooftop en la Ciudad de Tepic, en un \u00e1rea de gran proyecci\u00f3n con 35 unidades de 2 y 3 rec\u00e1maras que van desde los 67 m&sup2; a 110 m&sup2;. \u00a1Un gran potencial como inversi\u00f3n! M\u00e1s informaci\u00f3n Tu nuevo departamento en Tepic, Nayarit 35 &#8230; <a title=\"Inicio\" class=\"read-more\" href=\"https:\/\/cerroazul.grupocrecento.com\/\" aria-label=\"M\u00e1s en Inicio\">Leer m\u00e1s<\/a><\/p>\n","protected":false},"author":1,"featured_media":8,"parent":0,"menu_order":0,"comment_status":"closed","ping_status":"closed","template":"","meta":{"footnotes":""},"class_list":["post-17","page","type-page","status-publish","has-post-thumbnail"],"_links":{"self":[{"href":"https:\/\/cerroazul.grupocrecento.com\/index.php\/wp-json\/wp\/v2\/pages\/17","targetHints":{"allow":["GET"]}}],"collection":[{"href":"https:\/\/cerroazul.grupocrecento.com\/index.php\/wp-json\/wp\/v2\/pages"}],"about":[{"href":"https:\/\/cerroazul.grupocrecento.com\/index.php\/wp-json\/wp\/v2\/types\/page"}],"author":[{"embeddable":true,"href":"https:\/\/cerroazul.grupocrecento.com\/index.php\/wp-json\/wp\/v2\/users\/1"}],"replies":[{"embeddable":true,"href":"https:\/\/cerroazul.grupocrecento.com\/index.php\/wp-json\/wp\/v2\/comments?post=17"}],"version-history":[{"count":23,"href":"https:\/\/cerroazul.grupocrecento.com\/index.php\/wp-json\/wp\/v2\/pages\/17\/revisions"}],"predecessor-version":[{"id":82,"href":"https:\/\/cerroazul.grupocrecento.com\/index.php\/wp-json\/wp\/v2\/pages\/17\/revisions\/82"}],"wp:featuredmedia":[{"embeddable":true,"href":"https:\/\/cerroazul.grupocrecento.com\/index.php\/wp-json\/wp\/v2\/media\/8"}],"wp:attachment":[{"href":"https:\/\/cerroazul.grupocrecento.com\/index.php\/wp-json\/wp\/v2\/media?parent=17"}],"curies":[{"name":"wp","href":"https:\/\/api.w.org\/{rel}","templated":true}]}}